{"id":564,"date":"2021-03-26T23:33:57","date_gmt":"2021-03-26T20:33:57","guid":{"rendered":"http:\/\/caysan.com.tr\/?page_id=564"},"modified":"2021-06-21T11:56:19","modified_gmt":"2021-06-21T08:56:19","slug":"demlik-poset","status":"publish","type":"page","link":"https:\/\/caysan.com.tr\/index.php\/demlik-poset\/","title":{"rendered":"Demlik Po\u015fet"},"content":{"rendered":"\n<a id=\"ben_a\" href=\"#\" onclick=\"javascript:document.getElementsByClassName('wp-block-columns')[0].style.height='auto';document.getElementsByClassName('wp-block-columns')[0].style.opacity='1';document.getElementById('ben_a').style.display='none'\"><div style=\"text-align:center\">\n<div style=\"background:#FFF;max-width:250px;min-width:300px;min-height: 400px;padding:10px;text-align:center;display:inline-table;border: 2px solid #082562;box-shadow: rgb(0 0 0 \/ 60%) 10px 10px 40px -20px;\">\n<div>\n<div>\n<figure style=\"text-align:center; margin-top:20px\" class=\"wp-block-image size-large is-style-default\"><img decoding=\"async\" src=\"http:\/\/caysan.com.tr\/wp-content\/uploads\/2021\/03\/hemsin_urun-300x129.png\" alt=\"\" class=\"wp-image-583 urun_golge\"><\/figure>\n<div style=\"border-top: 1px solid #ccc;text-align:center;color: #000;margin-top: 40px;padding-top: 10px;\">Detaylar i\u00e7in t\u0131klay\u0131n\u0131z&#8230;<\/div>\n<\/div>\n<\/div>\n<\/div>\n<\/div><\/a>\n<div class=\"wp-block-columns\" style=\"align-items: stretch; flex-direction:row;  justify-content: center; opacity:0; height:0\">\n<div class=\"urun_sutun\" style=\"max-width:500px\">\n<div class=\"urun_div\" style=\"width:100%\">\n<style id=\"wp_carousel_dynamic_css939\">.sp-wp-carousel-free-id-939.wpcf-fancybox-wrapper .fancybox-bg{background: #0b0b0b;opacity: 0.8;}.sp-wp-carousel-free-id-939.wpcf-fancybox-wrapper .fancybox-navigation .fancybox-button .wpcp-fancybox-nav-arrow i {color: #ccc;}.sp-wp-carousel-free-id-939.wpcf-fancybox-wrapper .fancybox-navigation .fancybox-button .wpcp-fancybox-nav-arrow i:hover {color: #fff;}.sp-wp-carousel-free-id-939.wpcf-fancybox-wrapper .fancybox-navigation .fancybox-button {background: #1e1e1e;}.sp-wp-carousel-free-id-939.wpcf-fancybox-wrapper .fancybox-navigation .fancybox-button:hover {background: #1e1e1e;}#sp-wp-carousel-free-id-939 .wpcp-swiper-dots {margin: 40px 0px 0px 0px;}.wpcp-wrapper-939 .swiper-wrapper .swiper-slide-kenburn, .wpcp-wrapper-939 .swiper-wrapper, .wpcp-wrapper-939 .wpcpro-row{align-items: center;}#sp-wp-carousel-free-id-939 .wpcp-single-item {box-shadow: 0px 0px 0px 0px #dddddd;transition: all .3s;margin: 0px;}#sp-wp-carousel-free-id-939.swiper-flip .wpcp-single-item{margin: 0!important;}#sp-wp-carousel-free-id-939 .wpcp-single-item:hover {box-shadow: 0px 0px 0px 0px #dddddd;}#sp-wp-carousel-free-id-939.sp-wpcp-939 .wpcp-single-item {border: 1px none #dddddd;}#sp-wp-carousel-free-id-939.sp-wpcp-939 .swiper-button-prev,#sp-wp-carousel-free-id-939.sp-wpcp-939 .swiper-button-next,#sp-wp-carousel-free-id-939.sp-wpcp-939 .swiper-button-prev:hover,#sp-wp-carousel-free-id-939.sp-wpcp-939 .swiper-button-next:hover {background: none;border: none;font-size: 30px;}#sp-wp-carousel-free-id-939.sp-wpcp-939 .swiper-button-prev i,#sp-wp-carousel-free-id-939.sp-wpcp-939 .swiper-button-next i {color: #aaa;}#sp-wp-carousel-free-id-939.sp-wpcp-939 .swiper-button-prev i:hover,#sp-wp-carousel-free-id-939.sp-wpcp-939 .swiper-button-next i:hover {color: #52b3d9;}#sp-wp-carousel-free-id-939.sp-wpcp-939 .wpcp-swiper-dots .swiper-pagination-bullet {background-color: #cccccc;}#sp-wp-carousel-free-id-939.sp-wpcp-939 .wpcp-swiper-dots .swiper-pagination-bullet.swiper-pagination-bullet-active {background-color: #52b3d9;} #sp-wp-carousel-free-id-939.sp-wpcp-939.wpcp-image-carousel .wpcp-single-item:hover img, #sp-wp-carousel-free-id-939.sp-wpcp-939.wpcp-post-carousel .wpcp-single-item:hover img, #sp-wp-carousel-free-id-939.sp-wpcp-939.wpcp-product-carousel .wpcp-single-item:hover img{-webkit-transform: scale(1.2);-moz-transform: scale(1.2);transform: scale(1.2);}@media screen and (max-width: 479px) {#sp-wp-carousel-free-id-939.nav-vertical-center {padding: 0;margin:0;}#sp-wp-carousel-free-id-939.nav-vertical-center .wpcp-next-button,#sp-wp-carousel-free-id-939.nav-vertical-center .wpcp-prev-button {display: none;}}#sp-wp-carousel-free-id-939 .wpcpro-row>[class*=\"wpcpro-col-\"] { padding: 0 10px; padding-bottom: 20px;} #sp-wp-carousel-free-id-939 .swiper-slide .single-item-fade:not(:last-child) { margin-right: 20px;}@media (min-width: 480px) { .wpcpro-row .wpcpro-col-sm-1 { flex: 0 0 100%; max-width: 100%; } .wpcpro-row .wpcpro-col-sm-2 { flex: 0 0 50%; max-width: 50%; } .wpcpro-row .wpcpro-col-sm-2-5 { flex: 0 0 75%; max-width: 75%; } .wpcpro-row .wpcpro-col-sm-3 { flex: 0 0 33.333%; max-width: 33.333%; } .wpcpro-row .wpcpro-col-sm-4 { flex: 0 0 25%; max-width: 25%; } .wpcpro-row .wpcpro-col-sm-5 { flex: 0 0 20%; max-width: 20%; } .wpcpro-row .wpcpro-col-sm-6 { flex: 0 0 16.66666666666667%; max-width: 16.66666666666667%; } .wpcpro-row .wpcpro-col-sm-7 { flex: 0 0 14.28571428%; max-width: 14.28571428%; } .wpcpro-row .wpcpro-col-sm-8 { flex: 0 0 12.5%; max-width: 12.5%; } } @media (max-width: 480px) { .wpcpro-row .wpcpro-col-xs-1 { flex: 0 0 100%; max-width: 100%; } .wpcpro-row .wpcpro-col-xs-2 { flex: 0 0 50%; max-width: 50%; } .wpcpro-row .wpcpro-col-xs-3 { flex: 0 0 33.222%; max-width: 33.222%; } .wpcpro-row .wpcpro-col-xs-4 { flex: 0 0 25%; max-width: 25%; } .wpcpro-row .wpcpro-col-xs-5 { flex: 0 0 20%; max-width: 20%; } .wpcpro-row .wpcpro-col-xs-6 { flex: 0 0 16.6667%; max-width: 16.6667%; } .wpcpro-row .wpcpro-col-xs-7 { flex: 0 0 14.28571428%; max-width: 14.28571428%; } .wpcpro-row .wpcpro-col-xs-8 { flex: 0 0 12.5%; max-width: 12.5%; } } @media (min-width: 736px) { .wpcpro-row .wpcpro-col-md-1 { flex: 0 0 100%; max-width: 100%; } .wpcpro-row .wpcpro-col-md-2 { flex: 0 0 50%; max-width: 50%; } .wpcpro-row .wpcpro-col-md-2-5 { flex: 0 0 75%; max-width: 75%; } .wpcpro-row .wpcpro-col-md-3 { flex: 0 0 33.333%; max-width: 33.333%; } .wpcpro-row .wpcpro-col-md-4 { flex: 0 0 25%; max-width: 25%; } .wpcpro-row .wpcpro-col-md-5 { flex: 0 0 20%; max-width: 20%; } .wpcpro-row .wpcpro-col-md-6 { flex: 0 0 16.66666666666667%; max-width: 16.66666666666667%; } .wpcpro-row .wpcpro-col-md-7 { flex: 0 0 14.28571428%; max-width: 14.28571428%; } .wpcpro-row .wpcpro-col-md-8 { flex: 0 0 12.5%; max-width: 12.5%; } } @media (min-width: 980px) { .wpcpro-row .wpcpro-col-lg-1 { flex: 0 0 100%; max-width: 100%; } .wpcpro-row .wpcpro-col-lg-2 { flex: 0 0 50%; max-width: 50%; } .wpcpro-row .wpcpro-col-lg-3 { flex: 0 0 33.222%; max-width: 33.222%; } .wpcpro-row .wpcpro-col-lg-4 { flex: 0 0 25%; max-width: 25%; } .wpcpro-row .wpcpro-col-lg-5 { flex: 0 0 20%; max-width: 20%; } .wpcpro-row .wpcpro-col-lg-6 { flex: 0 0 16.6667%; max-width: 16.6667%; } .wpcpro-row .wpcpro-col-lg-7 { flex: 0 0 14.28571428%; max-width: 14.28571428%; } .wpcpro-row .wpcpro-col-lg-8 { flex: 0 0 12.5%; max-width: 12.5%; } } @media (min-width: 1200px) { .wpcpro-row .wpcpro-col-xl-1 { flex: 0 0 100%; max-width: 100%; } .wpcpro-row .wpcpro-col-xl-2 { flex: 0 0 50%; max-width: 50%; } .wpcpro-row .wpcpro-col-xl-3 { flex: 0 0 33.22222222%; max-width: 33.22222222%; } .wpcpro-row .wpcpro-col-xl-4 { flex: 0 0 25%; max-width: 25%; } .wpcpro-row .wpcpro-col-xl-5 { flex: 0 0 20%; max-width: 20%; } .wpcpro-row .wpcpro-col-xl-6 { flex: 0 0 16.66667%; max-width: 16.66667%; } .wpcpro-row .wpcpro-col-xl-7 { flex: 0 0 14.28571428%; max-width: 14.28571428%; } .wpcpro-row .wpcpro-col-xl-8 { flex: 0 0 12.5%; max-width: 12.5%; } }<\/style><div class=\"wpcp-carousel-wrapper wpcp-wrapper-939\">\n\t<div id=\"wpcp-preloader-939\" class=\"wpcp-carousel-preloader\"><img decoding=\"async\" src=\"https:\/\/caysan.com.tr\/wp-content\/plugins\/wp-carousel-free\/public\/css\/spinner.svg\" alt=\"Preloader Image\" \/><\/div>\t<div class=\"wpcp-carousel-content-wrapper\">\n\t<div id=\"sp-wp-carousel-free-id-939\" class=\"wpcp-carousel-section sp-wpcp-939  nav-vertical-center wpcp-image-carousel wpcp-preloader wpcp-standard\" data-swiper='{ &quot;pagination_type&quot;: &quot;dots&quot;,&quot;accessibility&quot;:true, &quot;spaceBetween&quot;:20, &quot;arrows&quot;:true, &quot;freeMode&quot;: false, &quot;autoplay&quot;:false, &quot;effect&quot;: &quot;slide&quot;, &quot;centerMode&quot;: false, &quot;autoplaySpeed&quot;:3000, &quot;dots&quot;:true, &quot;infinite&quot;:false, &quot;speed&quot;:600, &quot;pauseOnHover&quot;:true,\n\t\t\t&quot;slidesToShow&quot;:{&quot;lg_desktop&quot;:1, &quot;desktop&quot;: 1, &quot;laptop&quot;: 1, &quot;tablet&quot;: 1, &quot;mobile&quot;: 1}, &quot;responsive&quot;:{&quot;desktop&quot;:1200, &quot;laptop&quot;: 980, &quot;tablet&quot;: 736, &quot;mobile&quot;: 480}, &quot;rtl&quot;:false, &quot;lazyLoad&quot;: &quot;false&quot;, &quot;swipe&quot;: true, &quot;draggable&quot;: true, &quot;swipeToSlide&quot;:false }' dir=\"ltr\">\n\t\t<div class=\"swiper-wrapper\">\n\t\t<div class=\"swiper-slide\">\n\t<div class=\"wpcp-single-item\">\n\t\t\t<div class=\"wpcp-slide-image\">\n\t\t<img loading=\"lazy\" decoding=\"async\" class=\"skip-lazy\" src=\"https:\/\/caysan.com.tr\/wp-content\/uploads\/2021\/06\/demlikposet1.png\" alt=\"demlikposet1\" width=\"1920\" height=\"1080\">\t<\/div>\n\t\t<\/div>\n<\/div>\n\t<div class=\"swiper-slide\">\n\t<div class=\"wpcp-single-item\">\n\t\t\t<div class=\"wpcp-slide-image\">\n\t\t<img loading=\"lazy\" decoding=\"async\" class=\"skip-lazy\" src=\"https:\/\/caysan.com.tr\/wp-content\/uploads\/2021\/06\/demlikposet2.png\" alt=\"demlikposet2\" width=\"672\" height=\"650\">\t<\/div>\n\t\t<\/div>\n<\/div>\n\t\t\t<\/div>\n\t\t\t\t\t<div class=\"wpcp-swiper-dots swiper-pagination\"><\/div>\n\t\t\t\t<!-- If we need navigation buttons -->\n\t\t\t\t\t<div class=\"wpcp-prev-button swiper-button-prev\"><i class=\"fa fa-angle-left\"><\/i><\/div>\n\t\t\t<div class=\"wpcp-next-button swiper-button-next\"><i class=\"fa fa-angle-right\"><\/i><\/div>\n\t\t\t<\/div>\n\t<\/div>\n<\/div>\n\n<\/div>\n<\/div>\n<div class=\"urun_sutun\">\n<div class=\"urun_div\" style=\"width:100%\">\n<div class=\"urun_yan_border\">\n<div class=\"urun_alt_border\">\u00dcr\u00fcn \u00d6zellikleri<\/div>\n<div class=\"urun_ozellik_div\">En<\/div>\n<div class=\"urun_ozellik_div\">Boy<\/div>\n<div class=\"urun_ozellik_div\">Kilo<\/div>\n<div class=\"urun_ozellik_div\">Yas<\/div>\n<div class=\"urun_aciklamasi\">\u00dcr\u00fcn A\u00e7\u0131klamas\u0131<\/div>\n<div class=\"urun_aciklamasi_div\">En k\u0131sa zamanda g\u00fcncellenecek En k\u0131sa zamanda g\u00fcncellenecek En k\u0131sa zamanda g\u00fcncellenecek <\/div>\n<\/div>\n<\/div>\n<\/div>\n<\/div>\n<script>\nwindow.onpopstate = function(event) {\nvar son=document.location;\nson=String(son).substr(String(son).length-1);\nif (son=='#') {document.getElementById('ben_a').style.display='none';document.getElementsByClassName('wp-block-columns')[0].style.height='auto';document.getElementsByClassName('wp-block-columns')[0].style.opacity='1'} else {document.getElementById('ben_a').style.display='block'; javascript:document.getElementsByClassName('wp-block-columns')[0].style.height='0';javascript:document.getElementsByClassName('wp-block-columns')[0].style.opacity='0';}\n}\n<\/script>\n","protected":false},"excerpt":{"rendered":"<p>Detaylar i\u00e7in t\u0131klay\u0131n\u0131z&#8230; \u00dcr\u00fcn \u00d6zellikleri En Boy Kilo Yas \u00dcr\u00fcn A\u00e7\u0131klamas\u0131 En k\u0131sa zamanda g\u00fcncellenecek En k\u0131sa zamanda g\u00fcncellenecek En k\u0131sa zamanda g\u00fcncellenecek<\/p>\n","protected":false},"author":1,"featured_media":0,"parent":0,"menu_order":0,"comment_status":"closed","ping_status":"closed","template":"","meta":{"footnotes":""},"class_list":["post-564","page","type-page","status-publish","hentry"],"_links":{"self":[{"href":"https:\/\/caysan.com.tr\/index.php\/wp-json\/wp\/v2\/pages\/564","targetHints":{"allow":["GET"]}}],"collection":[{"href":"https:\/\/caysan.com.tr\/index.php\/wp-json\/wp\/v2\/pages"}],"about":[{"href":"https:\/\/caysan.com.tr\/index.php\/wp-json\/wp\/v2\/types\/page"}],"author":[{"embeddable":true,"href":"https:\/\/caysan.com.tr\/index.php\/wp-json\/wp\/v2\/users\/1"}],"replies":[{"embeddable":true,"href":"https:\/\/caysan.com.tr\/index.php\/wp-json\/wp\/v2\/comments?post=564"}],"version-history":[{"count":3,"href":"https:\/\/caysan.com.tr\/index.php\/wp-json\/wp\/v2\/pages\/564\/revisions"}],"predecessor-version":[{"id":958,"href":"https:\/\/caysan.com.tr\/index.php\/wp-json\/wp\/v2\/pages\/564\/revisions\/958"}],"wp:attachment":[{"href":"https:\/\/caysan.com.tr\/index.php\/wp-json\/wp\/v2\/media?parent=564"}],"curies":[{"name":"wp","href":"https:\/\/api.w.org\/{rel}","templated":true}]}}