{"id":33,"date":"2021-03-07T23:51:20","date_gmt":"2021-03-07T20:51:20","guid":{"rendered":"http:\/\/caysan.com.tr\/?page_id=33"},"modified":"2026-01-08T11:59:01","modified_gmt":"2026-01-08T08:59:01","slug":"hakkimizda","status":"publish","type":"page","link":"https:\/\/caysan.com.tr\/index.php\/hakkimizda\/","title":{"rendered":"Hakk\u0131m\u0131zda"},"content":{"rendered":"\n\n\n<div class=\"wp-block-columns is-layout-flex wp-container-core-columns-is-layout-9d6595d7 wp-block-columns-is-layout-flex\">\n<div class=\"wp-block-column is-layout-flow wp-block-column-is-layout-flow\" style=\"flex-basis:33.33%\">\n<figure style=\"text-align:center\" class=\"wp-block-image size-large is-resized\"><img decoding=\"async\" src=\"http:\/\/caysan.com.tr\/wp-content\/uploads\/2021\/03\/nb.png\" alt=\"\" class=\"wp-image-53\" width=\"200\" srcset=\"https:\/\/caysan.com.tr\/wp-content\/uploads\/2021\/03\/nb.png 445w, https:\/\/caysan.com.tr\/wp-content\/uploads\/2021\/03\/nb-300x300.png 300w, https:\/\/caysan.com.tr\/wp-content\/uploads\/2021\/03\/nb-150x150.png 150w\" sizes=\"(max-width: 445px) 100vw, 445px\" \/><\/figure>\n<\/div>\n\n\n\n<div class=\"wp-block-column is-layout-flow wp-block-column-is-layout-flow\" style=\"flex-basis:66.66%\">\n<div style=\"color:#000000; width:100%; height:100%; display:flex; align-items:center\">\u00c7aysan 1975 y\u0131l\u0131nda \u00c7aykur\u2019un ambalaj ihtiyac\u0131n\u0131 kar\u015f\u0131lamak ve b\u00f6lgeye istihdam sa\u011flamak amac\u0131yla kurulmu\u015ftur.<br>\n2013-2014 y\u0131llar\u0131 aras\u0131nda makine hatt\u0131na komple bir revizyon yaparak yeni fabrikas\u0131na ta\u015f\u0131nm\u0131\u015ft\u0131r.<br>\nBug\u00fcn \u00c7aysan A.\u015e. teneke ve karton ambalaj\u0131n\u0131n yan\u0131 s\u0131ra demlik po\u015fet, bardak po\u015fet \u00e7ay dolumu ve paketlemesi yapmaktad\u0131r.<br>\nAyr\u0131ca i\u015ftiraki oldu\u011fu \u00c7aykur\u2019un deste\u011fiyle organik g\u00fcbre sekt\u00f6r\u00fcnde b\u00f6lge distrib\u00fct\u00f6r\u00fc olarak hizmet vermektedir.<\/div>\n<\/div>\n<\/div>\n\n\n","protected":false},"excerpt":{"rendered":"<p>\u00c7aysan 1975 y\u0131l\u0131nda \u00c7aykur\u2019un ambalaj ihtiyac\u0131n\u0131 kar\u015f\u0131lamak ve b\u00f6lgeye istihdam sa\u011flamak amac\u0131yla kurulmu\u015ftur. 2013-2014 y\u0131llar\u0131 aras\u0131nda makine hatt\u0131na komple bir revizyon yaparak yeni fabrikas\u0131na ta\u015f\u0131nm\u0131\u015ft\u0131r. Bug\u00fcn \u00c7aysan A.\u015e. teneke ve karton ambalaj\u0131n\u0131n yan\u0131 s\u0131ra demlik po\u015fet, bardak po\u015fet \u00e7ay dolumu ve paketlemesi yapmaktad\u0131r. Ayr\u0131ca i\u015ftiraki oldu\u011fu \u00c7aykur\u2019un deste\u011fiyle organik g\u00fcbre sekt\u00f6r\u00fcnde b\u00f6lge distrib\u00fct\u00f6r\u00fc olarak hizmet&hellip; <br \/> <a class=\"read-more\" href=\"https:\/\/caysan.com.tr\/index.php\/hakkimizda\/\">Devam\u0131<\/a><\/p>\n","protected":false},"author":1,"featured_media":0,"parent":0,"menu_order":0,"comment_status":"closed","ping_status":"closed","template":"","meta":{"footnotes":""},"class_list":["post-33","page","type-page","status-publish","hentry"],"_links":{"self":[{"href":"https:\/\/caysan.com.tr\/index.php\/wp-json\/wp\/v2\/pages\/33","targetHints":{"allow":["GET"]}}],"collection":[{"href":"https:\/\/caysan.com.tr\/index.php\/wp-json\/wp\/v2\/pages"}],"about":[{"href":"https:\/\/caysan.com.tr\/index.php\/wp-json\/wp\/v2\/types\/page"}],"author":[{"embeddable":true,"href":"https:\/\/caysan.com.tr\/index.php\/wp-json\/wp\/v2\/users\/1"}],"replies":[{"embeddable":true,"href":"https:\/\/caysan.com.tr\/index.php\/wp-json\/wp\/v2\/comments?post=33"}],"version-history":[{"count":12,"href":"https:\/\/caysan.com.tr\/index.php\/wp-json\/wp\/v2\/pages\/33\/revisions"}],"predecessor-version":[{"id":1046,"href":"https:\/\/caysan.com.tr\/index.php\/wp-json\/wp\/v2\/pages\/33\/revisions\/1046"}],"wp:attachment":[{"href":"https:\/\/caysan.com.tr\/index.php\/wp-json\/wp\/v2\/media?parent=33"}],"curies":[{"name":"wp","href":"https:\/\/api.w.org\/{rel}","templated":true}]}}